{"id":2761,"date":"2021-03-31T17:32:51","date_gmt":"2021-03-31T15:32:51","guid":{"rendered":"https:\/\/www.medina.be\/?page_id=2761"},"modified":"2022-08-26T13:34:52","modified_gmt":"2022-08-26T11:34:52","slug":"onze-visie","status":"publish","type":"page","link":"https:\/\/www.medina.be\/fr\/a-propos-de-nous\/onze-visie\/","title":{"rendered":"Notre vision"},"content":{"rendered":"<div class=\"wpb-content-wrapper\"><p>[vc_row full_width=&#8221;stretch_row&#8221; css=&#8221;.vc_custom_1661513689922{padding-top: 10% !important;padding-bottom: 10% !important;background-image: url(https:\/\/www.medina.be\/wp-content\/uploads\/2022\/08\/Medina-Over-ons-onze-visie.jpg?id=48774) !important;background-position: center !important;background-repeat: no-repeat !important;background-size: cover !important;}&#8221; el_class=&#8221;header-bg&#8221;][vc_column][\/vc_column][\/vc_row][vc_row][vc_column width=&#8221;1\/4&#8243; css=&#8221;.vc_custom_1613485674609{padding-top: 20px !important;}&#8221;][\/vc_column][vc_column width=&#8221;3\/4&#8243; css=&#8221;.vc_custom_1613485670954{padding-top: 20px !important;}&#8221;][vc_column_text css=&#8221;.vc_custom_1613487487375{margin-bottom: 20px !important;}&#8221;][show-breadcrumbs][\/vc_column_text][\/vc_column][\/vc_row][vc_row css=&#8221;.vc_custom_1613403724564{margin-bottom: 35px !important;padding-bottom: 4% !important;}&#8221; el_id=&#8221;wat-is-nipt&#8221;][vc_column width=&#8221;1\/4&#8243; css=&#8221;.vc_custom_1613052450674{padding-right: 6% !important;}&#8221;][vc_widget_sidebar sidebar_id=&#8221;sidebar-overons&#8221;][\/vc_column][vc_column width=&#8221;3\/4&#8243;][vc_row_inner css=&#8221;.vc_custom_1613485985226{margin-bottom: 10px !important;}&#8221;][vc_column_inner][vc_custom_heading text=&#8221;NOTRE VISION&#8221; font_container=&#8221;tag:h1|text_align:left&#8221; use_theme_fonts=&#8221;yes&#8221; css=&#8221;.vc_custom_1617220288812{margin-top: 12px !important;}&#8221;][\/vc_column_inner][\/vc_row_inner][vc_row_inner css=&#8221;.vc_custom_1613054576443{margin-bottom: 0px !important;}&#8221;][vc_column_inner width=&#8221;1\/2&#8243;][vc_custom_heading text=&#8221;Service et analyses m\u00e9dicales fiables.&#8221; use_theme_fonts=&#8221;yes&#8221; css=&#8221;.vc_custom_1617220307194{padding-bottom: 2% !important;}&#8221;][vc_column_text el_class=&#8221;list-plus&#8221;]<span data-contrast=\"auto\"><strong>La qualit\u00e9, l\u2019innovation et le diagnostic forment, d\u00e8s le d\u00e9but, les valeurs cl\u00e9s de l\u2019entreprise<\/strong>. Nous allons au-del\u00e0 du rapportage de bons r\u00e9sultats.<\/span><br \/>\n<span data-contrast=\"auto\">Nous sommes \u00e0 votre disposition avec un <strong>avis professionnel<\/strong> pour chaque analyse concernant l\u2019interpr\u00e9tation et le diagnostic.<\/span><span data-ccp-props=\"{&quot;134233118&quot;:true,&quot;201341983&quot;:2,&quot;335559739&quot;:160,&quot;335559740&quot;:360}\">\u00a0<\/span><\/p>\n<p><span data-contrast=\"auto\">Le laboratoire se porte garant de r\u00e9aliser les analyses de mani\u00e8re <strong>rapide et fiable<\/strong>.<\/span><br \/>\n<span data-contrast=\"auto\">Le laboratoire\u202fMedina s\u2019approprie depuis toujours, <strong>une culture d\u2019entreprise durable et \u00e9thique<\/strong> dans le souci de cr\u00e9er de la valeur ajout\u00e9e.<\/span><span data-ccp-props=\"{&quot;134233118&quot;:true,&quot;201341983&quot;:2,&quot;335559739&quot;:160,&quot;335559740&quot;:360}\">\u00a0<\/span>[\/vc_column_text][\/vc_column_inner][vc_column_inner width=&#8221;1\/2&#8243;][vc_single_image image=&#8221;6416&#8243; img_size=&#8221;full&#8221; el_class=&#8221;shadow&#8221;][\/vc_column_inner][\/vc_row_inner][\/vc_column][\/vc_row]<\/p>\n<\/div>","protected":false},"excerpt":{"rendered":"<p>[vc_row full_width=&#8221;stretch_row&#8221; css=&#8221;.vc_custom_1661513689922{padding-top: 10% !important;padding-bottom: 10% !important;background-image: url(https:\/\/www.medina.be\/wp-content\/uploads\/2022\/08\/Medina-Over-ons-onze-visie.jpg?id=48774) !important;background-position: center !important;background-repeat: no-repeat !important;background-size: cover !important;}&#8221; el_class=&#8221;header-bg&#8221;][vc_column][\/vc_column][\/vc_row][vc_row][vc_column width=&#8221;1\/4&#8243; css=&#8221;.vc_custom_1613485674609{padding-top: 20px !important;}&#8221;][\/vc_column][vc_column width=&#8221;3\/4&#8243; css=&#8221;.vc_custom_1613485670954{padding-top: 20px !important;}&#8221;][vc_column_text css=&#8221;.vc_custom_1613487487375{margin-bottom: 20px<span class=\"excerpt-hellip\"> [\u2026]<\/span><\/p>\n","protected":false},"author":1,"featured_media":0,"parent":1548,"menu_order":23,"comment_status":"closed","ping_status":"closed","template":"","meta":{"_acf_changed":false,"footnotes":""},"class_list":["post-2761","page","type-page","status-publish","hentry"],"acf":[],"yoast_head":"<!-- This site is optimized with the Yoast SEO plugin v26.7 - https:\/\/yoast.com\/wordpress\/plugins\/seo\/ -->\n<title>Notre vision - Medina<\/title>\n<meta name=\"description\" content=\"Kwaliteit, innovatie en diagnose vormen sinds de start de kernwaarden van het bedrijf.\" \/>\n<meta name=\"robots\" content=\"index, follow, max-snippet:-1, max-image-preview:large, max-video-preview:-1\" \/>\n<link rel=\"canonical\" href=\"https:\/\/www.medina.be\/fr\/a-propos-de-nous\/onze-visie\/\" \/>\n<meta property=\"og:locale\" content=\"fr_FR\" \/>\n<meta property=\"og:type\" content=\"article\" \/>\n<meta property=\"og:title\" content=\"Notre vision - Medina\" \/>\n<meta property=\"og:description\" content=\"Kwaliteit, innovatie en diagnose vormen sinds de start de kernwaarden van het bedrijf.\" \/>\n<meta property=\"og:url\" content=\"https:\/\/www.medina.be\/fr\/a-propos-de-nous\/onze-visie\/\" \/>\n<meta property=\"og:site_name\" content=\"Medina\" \/>\n<meta property=\"article:publisher\" content=\"https:\/\/www.facebook.com\/medinacma\/\" \/>\n<meta property=\"article:modified_time\" content=\"2022-08-26T11:34:52+00:00\" \/>\n<meta name=\"twitter:card\" content=\"summary_large_image\" \/>\n<script type=\"application\/ld+json\" class=\"yoast-schema-graph\">{\"@context\":\"https:\/\/schema.org\",\"@graph\":[{\"@type\":\"WebPage\",\"@id\":\"https:\/\/www.medina.be\/fr\/a-propos-de-nous\/onze-visie\/\",\"url\":\"https:\/\/www.medina.be\/fr\/a-propos-de-nous\/onze-visie\/\",\"name\":\"Notre vision - Medina\",\"isPartOf\":{\"@id\":\"https:\/\/www.medina.be\/nl\/#website\"},\"datePublished\":\"2021-03-31T15:32:51+00:00\",\"dateModified\":\"2022-08-26T11:34:52+00:00\",\"description\":\"Kwaliteit, innovatie en diagnose vormen sinds de start de kernwaarden van het bedrijf.\",\"breadcrumb\":{\"@id\":\"https:\/\/www.medina.be\/fr\/a-propos-de-nous\/onze-visie\/#breadcrumb\"},\"inLanguage\":\"fr-FR\",\"potentialAction\":[{\"@type\":\"ReadAction\",\"target\":[\"https:\/\/www.medina.be\/fr\/a-propos-de-nous\/onze-visie\/\"]}]},{\"@type\":\"BreadcrumbList\",\"@id\":\"https:\/\/www.medina.be\/fr\/a-propos-de-nous\/onze-visie\/#breadcrumb\",\"itemListElement\":[{\"@type\":\"ListItem\",\"position\":1,\"name\":\"HOME\",\"item\":\"https:\/\/www.medina.be\/fr\/\"},{\"@type\":\"ListItem\",\"position\":2,\"name\":\"\u00c0 propos de nous\",\"item\":\"https:\/\/www.medina.be\/fr\/a-propos-de-nous\/\"},{\"@type\":\"ListItem\",\"position\":3,\"name\":\"Notre vision\"}]},{\"@type\":\"WebSite\",\"@id\":\"https:\/\/www.medina.be\/nl\/#website\",\"url\":\"https:\/\/www.medina.be\/nl\/\",\"name\":\"Medina\",\"description\":\"Medische analysen\",\"publisher\":{\"@id\":\"https:\/\/www.medina.be\/nl\/#organization\"},\"potentialAction\":[{\"@type\":\"SearchAction\",\"target\":{\"@type\":\"EntryPoint\",\"urlTemplate\":\"https:\/\/www.medina.be\/nl\/?s={search_term_string}\"},\"query-input\":{\"@type\":\"PropertyValueSpecification\",\"valueRequired\":true,\"valueName\":\"search_term_string\"}}],\"inLanguage\":\"fr-FR\"},{\"@type\":\"Organization\",\"@id\":\"https:\/\/www.medina.be\/nl\/#organization\",\"name\":\"Medina\",\"url\":\"https:\/\/www.medina.be\/nl\/\",\"logo\":{\"@type\":\"ImageObject\",\"inLanguage\":\"fr-FR\",\"@id\":\"https:\/\/www.medina.be\/nl\/#\/schema\/logo\/image\/\",\"url\":\"https:\/\/www.medina.be\/wp-content\/uploads\/2023\/05\/Medina-medisch-labo-logo@2x.png\",\"contentUrl\":\"https:\/\/www.medina.be\/wp-content\/uploads\/2023\/05\/Medina-medisch-labo-logo@2x.png\",\"width\":500,\"height\":196,\"caption\":\"Medina\"},\"image\":{\"@id\":\"https:\/\/www.medina.be\/nl\/#\/schema\/logo\/image\/\"},\"sameAs\":[\"https:\/\/www.facebook.com\/medinacma\/\"]}]}<\/script>\n<!-- \/ Yoast SEO plugin. -->","yoast_head_json":{"title":"Notre vision - Medina","description":"Kwaliteit, innovatie en diagnose vormen sinds de start de kernwaarden van het bedrijf.","robots":{"index":"index","follow":"follow","max-snippet":"max-snippet:-1","max-image-preview":"max-image-preview:large","max-video-preview":"max-video-preview:-1"},"canonical":"https:\/\/www.medina.be\/fr\/a-propos-de-nous\/onze-visie\/","og_locale":"fr_FR","og_type":"article","og_title":"Notre vision - Medina","og_description":"Kwaliteit, innovatie en diagnose vormen sinds de start de kernwaarden van het bedrijf.","og_url":"https:\/\/www.medina.be\/fr\/a-propos-de-nous\/onze-visie\/","og_site_name":"Medina","article_publisher":"https:\/\/www.facebook.com\/medinacma\/","article_modified_time":"2022-08-26T11:34:52+00:00","twitter_card":"summary_large_image","schema":{"@context":"https:\/\/schema.org","@graph":[{"@type":"WebPage","@id":"https:\/\/www.medina.be\/fr\/a-propos-de-nous\/onze-visie\/","url":"https:\/\/www.medina.be\/fr\/a-propos-de-nous\/onze-visie\/","name":"Notre vision - Medina","isPartOf":{"@id":"https:\/\/www.medina.be\/nl\/#website"},"datePublished":"2021-03-31T15:32:51+00:00","dateModified":"2022-08-26T11:34:52+00:00","description":"Kwaliteit, innovatie en diagnose vormen sinds de start de kernwaarden van het bedrijf.","breadcrumb":{"@id":"https:\/\/www.medina.be\/fr\/a-propos-de-nous\/onze-visie\/#breadcrumb"},"inLanguage":"fr-FR","potentialAction":[{"@type":"ReadAction","target":["https:\/\/www.medina.be\/fr\/a-propos-de-nous\/onze-visie\/"]}]},{"@type":"BreadcrumbList","@id":"https:\/\/www.medina.be\/fr\/a-propos-de-nous\/onze-visie\/#breadcrumb","itemListElement":[{"@type":"ListItem","position":1,"name":"HOME","item":"https:\/\/www.medina.be\/fr\/"},{"@type":"ListItem","position":2,"name":"\u00c0 propos de nous","item":"https:\/\/www.medina.be\/fr\/a-propos-de-nous\/"},{"@type":"ListItem","position":3,"name":"Notre vision"}]},{"@type":"WebSite","@id":"https:\/\/www.medina.be\/nl\/#website","url":"https:\/\/www.medina.be\/nl\/","name":"Medina","description":"Medische analysen","publisher":{"@id":"https:\/\/www.medina.be\/nl\/#organization"},"potentialAction":[{"@type":"SearchAction","target":{"@type":"EntryPoint","urlTemplate":"https:\/\/www.medina.be\/nl\/?s={search_term_string}"},"query-input":{"@type":"PropertyValueSpecification","valueRequired":true,"valueName":"search_term_string"}}],"inLanguage":"fr-FR"},{"@type":"Organization","@id":"https:\/\/www.medina.be\/nl\/#organization","name":"Medina","url":"https:\/\/www.medina.be\/nl\/","logo":{"@type":"ImageObject","inLanguage":"fr-FR","@id":"https:\/\/www.medina.be\/nl\/#\/schema\/logo\/image\/","url":"https:\/\/www.medina.be\/wp-content\/uploads\/2023\/05\/Medina-medisch-labo-logo@2x.png","contentUrl":"https:\/\/www.medina.be\/wp-content\/uploads\/2023\/05\/Medina-medisch-labo-logo@2x.png","width":500,"height":196,"caption":"Medina"},"image":{"@id":"https:\/\/www.medina.be\/nl\/#\/schema\/logo\/image\/"},"sameAs":["https:\/\/www.facebook.com\/medinacma\/"]}]}},"_links":{"self":[{"href":"https:\/\/www.medina.be\/fr\/wp-json\/wp\/v2\/pages\/2761","targetHints":{"allow":["GET"]}}],"collection":[{"href":"https:\/\/www.medina.be\/fr\/wp-json\/wp\/v2\/pages"}],"about":[{"href":"https:\/\/www.medina.be\/fr\/wp-json\/wp\/v2\/types\/page"}],"author":[{"embeddable":true,"href":"https:\/\/www.medina.be\/fr\/wp-json\/wp\/v2\/users\/1"}],"replies":[{"embeddable":true,"href":"https:\/\/www.medina.be\/fr\/wp-json\/wp\/v2\/comments?post=2761"}],"version-history":[{"count":0,"href":"https:\/\/www.medina.be\/fr\/wp-json\/wp\/v2\/pages\/2761\/revisions"}],"up":[{"embeddable":true,"href":"https:\/\/www.medina.be\/fr\/wp-json\/wp\/v2\/pages\/1548"}],"wp:attachment":[{"href":"https:\/\/www.medina.be\/fr\/wp-json\/wp\/v2\/media?parent=2761"}],"curies":[{"name":"wp","href":"https:\/\/api.w.org\/{rel}","templated":true}]}}

<div class="wpb-content-wrapper"><p>[vc_row full_width=&#8221;stretch_row&#8221; css=&#8221;.vc_custom_1661513689922{padding-top: 10% !important;padding-bottom: 10% !important;background-image: url(https://www.medina.be/wp-content/uploads/2022/08/Medina-Over-ons-onze-visie.jpg?id=48774) !important;background-position: center !important;background-repeat: no-repeat !important;background-size: cover !important;}&#8221; el_class=&#8221;header-bg&#8221;][vc_column][/vc_column][/vc_row][vc_row][vc_column width=&#8221;1/4&#8243; css=&#8221;.vc_custom_1613485674609{padding-top: 20px !important;}&#8221;][/vc_column][vc_column width=&#8221;3/4&#8243; css=&#8221;.vc_custom_1613485670954{padding-top: 20px !important;}&#8221;][vc_column_text css=&#8221;.vc_custom_1613487487375{margin-bottom: 20px !important;}&#8221;][show-breadcrumbs][/vc_column_text][/vc_column][/vc_row][vc_row css=&#8221;.vc_custom_1613403724564{margin-bottom: 35px !important;padding-bottom: 4% !important;}&#8221; el_id=&#8221;wat-is-nipt&#8221;][vc_column width=&#8221;1/4&#8243; css=&#8221;.vc_custom_1613052450674{padding-right: 6% !important;}&#8221;][vc_widget_sidebar sidebar_id=&#8221;sidebar-overons&#8221;][/vc_column][vc_column width=&#8221;3/4&#8243;][vc_row_inner css=&#8221;.vc_custom_1613485985226{margin-bottom: 10px !important;}&#8221;][vc_column_inner][vc_custom_heading text=&#8221;NOTRE VISION&#8221; font_container=&#8221;tag:h1|text_align:left&#8221; use_theme_fonts=&#8221;yes&#8221; css=&#8221;.vc_custom_1617220288812{margin-top: 12px !important;}&#8221;][/vc_column_inner][/vc_row_inner][vc_row_inner css=&#8221;.vc_custom_1613054576443{margin-bottom: 0px !important;}&#8221;][vc_column_inner width=&#8221;1/2&#8243;][vc_custom_heading text=&#8221;Service et analyses médicales fiables.&#8221; use_theme_fonts=&#8221;yes&#8221; css=&#8221;.vc_custom_1617220307194{padding-bottom: 2% !important;}&#8221;][vc_column_text el_class=&#8221;list-plus&#8221;]<span data-contrast="auto"><strong>La qualité, l’innovation et le diagnostic forment, dès le début, les valeurs clés de l’entreprise</strong>. Nous allons au-delà du rapportage de bons résultats.</span><br />
<span data-contrast="auto">Nous sommes à votre disposition avec un <strong>avis professionnel</strong> pour chaque analyse concernant l’interprétation et le diagnostic.</span><span data-ccp-props="{&quot;134233118&quot;:true,&quot;201341983&quot;:2,&quot;335559739&quot;:160,&quot;335559740&quot;:360}"> </span></p>
<p><span data-contrast="auto">Le laboratoire se porte garant de réaliser les analyses de manière <strong>rapide et fiable</strong>.</span><br />
<span data-contrast="auto">Le laboratoire Medina s’approprie depuis toujours, <strong>une culture d’entreprise durable et éthique</strong> dans le souci de créer de la valeur ajoutée.</span><span data-ccp-props="{&quot;134233118&quot;:true,&quot;201341983&quot;:2,&quot;335559739&quot;:160,&quot;335559740&quot;:360}"> </span>[/vc_column_text][/vc_column_inner][vc_column_inner width=&#8221;1/2&#8243;][vc_single_image image=&#8221;6416&#8243; img_size=&#8221;full&#8221; el_class=&#8221;shadow&#8221;][/vc_column_inner][/vc_row_inner][/vc_column][/vc_row]</p>
</div>

<!-- This site is optimized with the Yoast SEO plugin v26.7 - https://yoast.com/wordpress/plugins/seo/ -->
<title>Notre vision - Medina</title>
<meta name="description" content="Kwaliteit, innovatie en diagnose vormen sinds de start de kernwaarden van het bedrijf." />
<meta name="robots" content="index, follow, max-snippet:-1, max-image-preview:large, max-video-preview:-1" />
<link rel="canonical" href="https://www.medina.be/fr/a-propos-de-nous/onze-visie/" />
<meta property="og:locale" content="fr_FR" />
<meta property="og:type" content="article" />
<meta property="og:title" content="Notre vision - Medina" />
<meta property="og:description" content="Kwaliteit, innovatie en diagnose vormen sinds de start de kernwaarden van het bedrijf." />
<meta property="og:url" content="https://www.medina.be/fr/a-propos-de-nous/onze-visie/" />
<meta property="og:site_name" content="Medina" />
<meta property="article:publisher" content="https://www.facebook.com/medinacma/" />
<meta property="article:modified_time" content="2022-08-26T11:34:52+00:00" />
<meta name="twitter:card" content="summary_large_image" />
<script type="application/ld+json" class="yoast-schema-graph">{"@context":"https://schema.org","@graph":[{"@type":"WebPage","@id":"https://www.medina.be/fr/a-propos-de-nous/onze-visie/","url":"https://www.medina.be/fr/a-propos-de-nous/onze-visie/","name":"Notre vision - Medina","isPartOf":{"@id":"https://www.medina.be/nl/#website"},"datePublished":"2021-03-31T15:32:51+00:00","dateModified":"2022-08-26T11:34:52+00:00","description":"Kwaliteit, innovatie en diagnose vormen sinds de start de kernwaarden van het bedrijf.","breadcrumb":{"@id":"https://www.medina.be/fr/a-propos-de-nous/onze-visie/#breadcrumb"},"inLanguage":"fr-FR","potentialAction":[{"@type":"ReadAction","target":["https://www.medina.be/fr/a-propos-de-nous/onze-visie/"]}]},{"@type":"BreadcrumbList","@id":"https://www.medina.be/fr/a-propos-de-nous/onze-visie/#breadcrumb","itemListElement":[{"@type":"ListItem","position":1,"name":"HOME","item":"https://www.medina.be/fr/"},{"@type":"ListItem","position":2,"name":"À propos de nous","item":"https://www.medina.be/fr/a-propos-de-nous/"},{"@type":"ListItem","position":3,"name":"Notre vision"}]},{"@type":"WebSite","@id":"https://www.medina.be/nl/#website","url":"https://www.medina.be/nl/","name":"Medina","description":"Medische analysen","publisher":{"@id":"https://www.medina.be/nl/#organization"},"potentialAction":[{"@type":"SearchAction","target":{"@type":"EntryPoint","urlTemplate":"https://www.medina.be/nl/?s={search_term_string}"},"query-input":{"@type":"PropertyValueSpecification","valueRequired":true,"valueName":"search_term_string"}}],"inLanguage":"fr-FR"},{"@type":"Organization","@id":"https://www.medina.be/nl/#organization","name":"Medina","url":"https://www.medina.be/nl/","logo":{"@type":"ImageObject","inLanguage":"fr-FR","@id":"https://www.medina.be/nl/#/schema/logo/image/","url":"https://www.medina.be/wp-content/uploads/2023/05/Medina-medisch-labo-logo@2x.png","contentUrl":"https://www.medina.be/wp-content/uploads/2023/05/Medina-medisch-labo-logo@2x.png","width":500,"height":196,"caption":"Medina"},"image":{"@id":"https://www.medina.be/nl/#/schema/logo/image/"},"sameAs":["https://www.facebook.com/medinacma/"]}]}</script>
<!-- / Yoast SEO plugin. -->

À propos de nous
